t is the highest common divisor of 8052 and 165?
33
Calculate the highest common factor of 49 and 413.
7
Calculate the highest common factor of 8448 and 363.
33
What is the highest common factor of 20 and 290?
10
What is the highest common divisor of 3360 and 1890?
210
What is the greatest common divisor of 8 and 212?
4
Calculate the greatest common divisor of 308 and 168.
28
What is the greatest common divisor of 13 and 52?
13
What is the highest common factor of 363 and 3509?
121
Calculate the highest common divisor of 432 and 56.
8
What is the highest common factor of 135 and 21?
3
Calculate the highest common factor of 138 and 258.
6
What is the greatest common divisor of 611 and 47?
47
Calculate the highest common factor of 108 and 180.
36
What is the greatest common divisor of 90 and 162?
18
Calculate the highest common factor of 6 and 94.
2
What is the highest common factor of 3976 and 56?
56
Calculate the greatest common factor of 147 and 651.
21
Calculate the highest common factor of 2403 and 54.
27
Calculate the highest common divisor of 3741 and 129.
129
What is the greatest common divisor of 96580 and 220?
220
What is the highest common divisor of 30 and 520?
10
Calculate the greatest common factor of 22528 and 192.
64
Calculate the highest common factor of 729 and 27.
27
What is the highest common factor of 44 and 121?
11
What is the highest common factor of 6345 and 135?
135
What is the highest common divisor of 3401 and 1253?
179
What is the highest common divisor of 1020 and 17?
17
What is the greatest common factor of 145 and 1247?
29
What is the highest common factor of 56 and 224?
56
Calculate the greatest common factor of 319 and 11.
11
What is the highest common factor of 148 and 9916?
148
What is the highest common divisor of 1068 and 372?
12
Calculate the highest common divisor of 16116 and 136.
68
Calculate the highest common divisor of 10385 and 134.
67
Calculate the highest common divisor of 30 and 270.
30
What is the highest common factor of 176 and 55?
11
What is the highest common factor of 504 and 1708?
28
Calculate the greatest common factor of 16 and 36.
4
What is the highest common factor of 5 and 1115?
5
What is the highest common factor of 45 and 126?
9
Calculate the greatest common divisor of 321 and 3.
3
What is the highest common divisor of 17 and 272?
17
Calculate the greatest common factor of 141 and 611.
47
What is the highest common divisor of 65 and 78?
13
Calculate the greatest common factor of 198 and 18.
18
What is the greatest common divisor of 90 and 1368?
18
Calculate the greatest common divisor of 352 and 1980.
44
Calculate the highest common factor of 420 and 3024.
84
Calculate the highest common divisor of 480 and 12.
12
What is the highest common divisor of 96 and 22368?
96
Calculate the greatest common divisor of 2672 and 32.
16
What is the highest common divisor of 31 and 1?
1
Calculate the greatest common divisor of 11 and 1408.
11
What is the highest common factor of 475 and 50?
25
What is the greatest common factor of 15 and 2160?
15
Calculate the greatest common factor of 656 and 123.
41
Calculate the highest common divisor of 300 and 1038.
6
Calculate the greatest common divisor of 12354 and 174.
174
Calculate the greatest common divisor of 30615 and 65.
65
What is the highest common divisor of 288 and 128?
32
Calculate the highest common factor of 6 and 4758.
6
Calculate the greatest common factor of 34 and 1258.
34
Calculate the greatest common factor of 897 and 46.
23
What is the highest common divisor of 377 and 1305?
29
What is the highest common factor of 3070 and 40?
10
Calculate the greatest common factor of 37 and 185.
37
What is the highest common divisor of 2685 and 25?
5
What is the highest common factor of 1384 and 173?
173
Calculate the greatest common divisor of 6 and 8466.
6
What is the greatest common factor of 2808 and 117?
117
Calculate the greatest common divisor of 143 and 13.
13
Calculate the greatest common factor of 401 and 11.
1
What is the highest common factor of 167 and 1?
1
What is the highest common factor of 99 and 33957?
99
What is the greatest common factor of 1196 and 1040?
52
What is the greatest common divisor of 9204 and 36?
12
What is the greatest common factor of 56 and 2338?
14
Calculate the greatest common factor of 65 and 455.
65
What is the greatest common factor of 504 and 2072?
56
What is the highest common divisor of 26 and 377?
13
Calculate the highest common factor of 280 and 70.
70
What is the greatest common factor of 676 and 16?
4
Calculate the highest common factor of 78 and 741.
39
Calculate the highest common divisor of 68 and 901.
17
Calculate the highest common divisor of 44 and 187.
11
Calculate the highest common factor of 44 and 88.
44
Calculate the greatest common divisor of 156 and 7228.
52
What is the greatest common factor of 140 and 20?
20
Calculate the greatest common factor of 15 and 963.
3
Calculate the highest common divisor of 42 and 96.
6
Calculate the greatest common factor of 7 and 81.
1
What is the highest common divisor of 80 and 40?
40
What is the highest common divisor of 29 and 261?
29
Calculate the greatest common divisor of 2 and 199.
1
Calculate the highest common divisor of 1736 and 186.
62
What is the highest common factor of 32 and 8?
8
Calculate the highest common factor of 28 and 532.
28
Calculate the greatest common divisor of 300 and 40.
20
Calculate the highest common divisor of 406 and 14.
14
What is the greatest common divisor of 46 and 2944?
46
Calculate the greatest common divisor of 36 and 81.
9
What is the greatest common factor of 374 and 51?
17
Calculate the highest common divisor of 2875 and 50.
25
Calculate the greatest common factor of 3223 and 33.
11
What is the greatest common factor of 1900 and 152?
76
What is the greatest common factor of 308 and 112?
28
Calculate the highest common divisor of 854 and 4514.
122
What is the highest common divisor of 5495 and 35?
35
What is the greatest common factor of 4665 and 15?
15
Calculate the greatest common divisor of 171 and 7353.
171
Calculate the greatest common divisor of 338 and 143.
13
What is the greatest common divisor of 3 and 1761?
3
What is the highest common divisor of 120 and 990?
30
What is the highest common factor of 1040 and 240?
80
What is the highest common divisor of 99 and 3333?
33
What is the highest common divisor of 16 and 592?
16
What is the greatest common divisor of 33 and 1397?
11
Calculate the highest common divisor of 79 and 7031.
79
Calculate the greatest common divisor of 68 and 340.
68
What is the highest common factor of 45 and 30?
15
Calculate the greatest common divisor of 1955 and 340.
85
What is the highest common factor of 1311 and 46?
23
Calculate the highest common divisor of 24 and 4488.
24
Calculate the highest common divisor of 765 and 9027.
153
Calculate the greatest common divisor of 136 and 306.
34
Calculate the greatest common divisor of 405 and 585.
45
What is the highest common divisor of 415 and 40?
5
Calculate the greatest common factor of 320 and 230.
10
Calculate the greatest common divisor of 85 and 935.
85
Calculate the highest common factor of 108 and 24.
12
What is the greatest common factor of 17010 and 243?
243
What is the highest common factor of 9056 and 64?
32
Calculate the greatest common divisor of 1008 and 54.
18
Calculate the highest common factor of 594 and 154.
22
What is the greatest common factor of 37 and 2923?
37
What is the greatest common divisor of 1320 and 4455?
165
Calculate the greatest common divisor of 25 and 3925.
25
Calculate the highest common factor of 2176 and 34.
34
Calculate the highest common factor of 72 and 360.
72
What is the highest common divisor of 1152 and 48?
48
Calculate the highest common divisor of 480 and 360.
120
Calculate the highest common divisor of 3080 and 462.
154
What is the highest common divisor of 1140 and 1380?
60
Calculate the highest common factor of 594 and 54.
54
What is the highest common factor of 78 and 9?
3
What is the highest common divisor of 5 and 889?
1
Calculate the greatest common divisor of 301 and 105.
7
What is the highest common factor of 10563 and 21?
21
What is the highest common factor of 40 and 380?
20
What